Let s = 648 + -421. List the prime factors of s.
227
Suppose 1472 = -20*y + 22*y. List the prime factors of y.
2, 23
Suppose -52*d = -46*d - 3636. Suppose -3*r - j = -d, 4*r + 6*j - 797 = j. What are the prime factors of r?
7, 29
Suppose -13*o + 18*o - 1270 = 0. What are the prime factors of o?
2, 127
Let d = 76 + -24. Suppose -57*c + 56*c = -d. List the prime factors of c.
2, 13
Let y(d) = -2*d**2 + 12*d - 12. Let x be y(8). Let u = 101 + x. Let o = u + -33. List the prime factors of o.
2, 3
Let b = -928 + 1345. What are the prime factors of b?
3, 139
Let c be (5/3 + -2)*3. Let v be ((-63)/9)/(0 - c). Let y(f) = -f + 6. What are the prime factors of y(v)?
13
Suppose 0 = 6*s - 536 - 142. Let r = 76 - s. What are the prime factors of (1 + r)*3/(-3)?
2, 3
Suppose 2*i + 4*l + 111 = 7*i, 4*l + 35 = i. List the prime factors of i.
19
Let k = 4324 + -2502. List the prime factors of k.
2, 911
Let p(g) = -4*g - 5. Suppose -5*c - 4*k + 13 = -6*c, 13 = -3*c - k. Let i = c - 2. List the prime factors of p(i).
23
Let m(i) = -i**2 - 10*i + 13. Let a be m(-8). Suppose -t + 2*h + 19 = -a, -3*t + 123 = h. What are the prime factors of t?
2, 3, 7
Let l(n) = 631*n**2 + 9*n + 9. List the prime factors of l(-1).
631
List the prime factors of (50092/(-35))/(-2) - 9/15.
5, 11, 13
Let d(a) = 458*a - 347. List the prime factors of d(10).
3, 17, 83
Let a(m) = 40*m**2 - 7*m + 14. List the prime factors of a(3).
353
Suppose 3*q = 2*h + 13, -7*q - h = -3*q - 32. Suppose -5*c + 522 = q. What are the prime factors of c?
103
What are the prime factors of -2*1/5 - (-135184)/85?
2, 3, 5, 53
Suppose -6*f - 352 = 476. Let b = -1 - f. List the prime factors of b.
137
Let q(y) = 6*y + 8. Let a(k) = 1. Let p(g) = -6*a(g) - q(g). Let l be p(-5). Suppose -12*x - 180 = -l*x. List the prime factors of x.
3, 5
Suppose -202 = i + b + 133, 4*b + 1007 = -3*i. Let h = 68 + i. What are the prime factors of (h/10)/(3/(-6))?
53
Suppose -4*z = 3*a + z + 26, 5*a + 4*z + 26 = 0. List the prime factors of (-191)/a*2 - (2 - 2).
191
Suppose 0 = b - q - 495, -34*q = -4*b - 37*q + 1987. What are the prime factors of b?
2, 31
Let z(t) = -14*t**3 + 7*t**2 + 17*t + 50. List the prime factors of z(-6).
2, 13, 31
Let c(i) be the second derivative of -i**5/20 - i**4/3 + 3*i**3/2 + 9*i**2/2 + 7*i. What are the prime factors of c(-6)?
3
Let q(o) = o**2 + 6*o + 4. Let a be q(-6). Let i be 5*1 + (2 - 3). Suppose a*s - 48 = -i. List the prime factors of s.
11
Let p = -15 - -16. Let i be 4*6/8 + p. Let q = i + 6. List the prime factors of q.
2, 5
Suppose 0 = -14*t + 10*t + 3908. What are the prime factors of t?
977
Let v(t) = 26*t - 8. What are the prime factors of v(3)?
2, 5, 7
Suppose -5*o = 3*u + 321, 2*u - 71 = -3*o - 263. Let c = o - 32. Let p = c + 140. List the prime factors of p.
2, 3, 7
Let g = 885 + -442. List the prime factors of g.
443
Let y(u) = -u**3 + 3*u**2 - 4*u + 5. Let k be y(5). Suppose b - 76 = 28. Let l = b + k. What are the prime factors of l?
3, 13
Let u = -104 + 44. Let y be 10*-6*4/u. Suppose -3*v - 8 = 3*r - 98, -5*r - y*v + 147 = 0. List the prime factors of r.
3
List the prime factors of 547 + (8/3)/(4/(-6)).
3, 181
Suppose -1120*o - 4578 = -1126*o. What are the prime factors of o?
7, 109
Let w be ((-2)/(-5))/((-4)/(-40)). Let u be (-52)/6*(-18)/w. Suppose -72 = u*o - 41*o. What are the prime factors of o?
2, 3
Let k(y) = -y**3 + 2*y**2 + y. Let x be k(2). Let h be x/(-11) + (-20)/11. What are the prime factors of h + -2 + 12 + -1?
7
Let s = -4372 + 8134. List the prime factors of s.
2, 3, 11, 19
Let g(w) = 5*w - 19. Let k be g(14). Suppose 5*x - 297 = a, x + 4*a + 0*a = k. What are the prime factors of x?
59
Let c be (-6)/(-4) + 3/6. Suppose -27 = -c*x + m, 4*m = 4*x - 22 - 26. What are the prime factors of x?
3, 5
Let q = 19 - 22. Let x be (3/(-2))/(q/10). Suppose 5*h = x*g + 12 - 112, 4*h = 2*g - 50. What are the prime factors of g?
3, 5
Let f = -333 - -937. What are the prime factors of f?
2, 151
Let n be (2*(-1)/(-2))/((-21)/63). Let v(l) = -11*l - 10*l - 1 + 5. What are the prime factors of v(n)?
67
Let r = 48 - 38. List the prime factors of 50*r/6 - 3/9.
83
Let c = -1507 + 2639. List the prime factors of c.
2, 283
Suppose 12*c - 165 = -3*c. Suppose -363 = -c*l - 121. What are the prime factors of l?
2, 11
Suppose 0 = -2*n + 2*h + 16, 2*n = 7*n - h - 52. Let r = 20 + n. Suppose -r + 163 = 4*y. What are the prime factors of y?
3, 11
Let c(r) = -42*r - 17. Let t be c(-8). Let k = t - 212. What are the prime factors of k?
107
Suppose -c = -2*c + 3. Suppose -4*y = -16 + 8. Suppose y*m - c*m - 8 = -r, -5*m = -r. What are the prime factors of r?
2, 5
Let z(t) = -10*t**3 - t**2 + 11*t + 5. What are the prime factors of z(-3)?
233
Let l be 140 - 1*(0 - 0). Suppose -48 = -4*o - 3*q, -29 = -5*o + 3*q + q. Suppose o*d = 5*d + l. What are the prime factors of d?
5, 7
Let j = -168 + 322. What are the prime factors of j?
2, 7, 11
Let q(l) = -l**2 - 19*l - 10. Let i(x) = x - 16. Let w be i(8). Let c be q(w). Let j = -54 + c. What are the prime factors of j?
2, 3
Suppose -6*j + 4*j = 0. Suppose j*s = s - 38. List the prime factors of s.
2, 19
Suppose -92*j - 48 = -100*j. Let l(i) be the third derivative of 5*i**4/24 - i**3/2 + i**2. What are the prime factors of l(j)?
3
Suppose -5*x - 2*d = -8, 8*x - 9 = 3*x - d. Let j(z) = -2 - x*z**2 - 38*z + 6*z**2 + 35*z. List the prime factors of j(-2).
2, 5
Suppose 0*p + p + 10 = -2*j, 0 = -4*p + j - 13. What are the prime factors of p/((-16)/(-12)) - -59?
2, 7
Let g(o) = o - 5. Suppose -3*w + 5*y = -4*w + 13, 3*y = 6. Let l be g(w). Let z = 18 - l. What are the prime factors of z?
2, 5
Let h = 112 + -64. Let s(o) = -o**3 + 5*o**2 - o + 6. Let c be s(4). Let l = h - c. What are the prime factors of l?
2, 3, 5
Suppose 3*h = -339 + 2031. List the prime factors of h.
2, 3, 47
Let b(y) = 7*y - 1 + 23*y + 118*y + 20*y. List the prime factors of b(1).
167
Let w(h) be the first derivative of 7*h**4/2 - h**2 + 8*h + 28. What are the prime factors of w(2)?
2, 29
Let w be (-143)/(-33) + (-2)/(-3). Suppose -h = 5*v - 3*h - 1215, 0 = -w*h. What are the prime factors of v?
3
Suppose 0 = -v - 0*b + b, 0 = -3*v + 4*b - 1. Suppose -j - v = 4*h - 2, 3*j + 3*h = 48. Let c = j - 6. List the prime factors of c.
3, 5
Suppose 0 = p - 2*o - 1980, 152*o = -4*p + 149*o + 7920. What are the prime factors of p?
2, 3, 5, 11
Suppose -5 = -4*w + i, i = w + 4*w - 7. Suppose -3*q + 3*v + 180 = 0, -3*q + 2*v + 177 = w. List the prime factors of q.
5, 11
Let c(q) = q**2 + 6*q - 7. Let x be c(-8). Suppose 10*b = 13*b + x. What are the prime factors of 7/(-3 + (-12)/b)?
7
Let z(f) = f**2 + 9*f + 7. Let i be z(-7). Let c(m) = 4*m + 8 - 2*m**2 + 0*m**2 + m**2 - 13*m. What are the prime factors of c(i)?
2, 11
Suppose -t - 4*p = -1, 5*t - 3*p = 5 + 23. Let g be ((-56)/(-20))/((-1)/(-10)). Suppose -d - t*n = -g, 5*d + 4*n + 13 = 111. List the prime factors of d.
2, 3
Suppose h - 22 + 1 = 0. Let w(u) = -u + 40. List the prime factors of w(h).
19
Let z(j) = -j. Let p(a) = -8*a + 14. Let q(h) = p(h) - 2*z(h). Suppose -6*b - 26 = -b + 4*v, -v = -2*b - 13. What are the prime factors of q(b)?
2, 5
Let c be (14 - -1213) + 0/(-1). Suppose 0 = 13*z + 226 - c. List the prime factors of z.
7, 11
Let d(a) = 23*a + 36*a**2 + 41*a**2 - 18*a**2 - 24*a. List the prime factors of d(1).
2, 29
Suppose 0 = f + 3 + 1. Let j(s) = 3*s**3 - 4*s**3 - 3*s**2 - s - s - 6. What are the prime factors of j(f)?
2, 3
What are the prime factors of ((-5574)/30)/((-1)/5)?
929
Let a be 4 - (5 + 0 + -3). Suppose 2 = a*d - 5*c + 2*c, -4*c = d - 12. What are the prime factors of d?
2
Suppose 0 = 29*i + 2553 - 61800. What are the prime factors of i?
3, 227
Suppose 3*x + 3*x - 900 = 0. List the prime factors of x*((-16)/(-12) - 1).
2, 5
Suppose 3*x - 2*x - 4*s = -9, 1 = 3*x + 2*s. List the prime factors of x/(-4 - 380/(-96)).
2, 3
Suppose -6*o - 16 = -10*o. Suppose -s = o - 46. List the prime factors of s.
2, 3, 7
Let p(i) = -i**3 + 5*i**2 - 3*i - 1. Let h be p(4). Let u be (-236)/(-24)*h*-2. Let k = 112 + u. List the prime factors of k.
53
Suppose -4*n = -9*n - 2175. Let y = -190 - n. What are the prime factors of y?
5, 7
List the prime factors of 4/(-4)*(-1445 - (1 - 0)).
2, 3, 241
Let t(x) = 14*x**2 - 5*x + 2 + 9*x - 5*x. List